 k be (2/(-3) - 0)/((-3)/(-9)). What are the prime factors of (8/(-28) - k)*210/4?
2, 3, 5
Let a(g) = 2*g - 17. Let k(s) = -7*s + 52. Let p(t) = 8*a(t) + 3*k(t). List the prime factors of p(-10).
2, 5, 7
Let x = 29 + -23. Suppose x = 5*j - 109. List the prime factors of j.
23
Let h(u) = -2*u + 22. Let r be h(11). Suppose 5*s - 17 - 178 = r. What are the prime factors of s?
3, 13
Let d(s) = -s**3 - 21*s**2 - 44*s - 19. What are the prime factors of d(-19)?
5, 19
Suppose -8 = -4*q - 0. Suppose z + 2 = -2*a, 0*z - q*a = -4*z + 22. Let l = 4 + z. What are the prime factors of l?
2
Let k = 3664 - 1887. What are the prime factors of k?
1777
Suppose 2*t + 442 = 3*m, m = -5*t + 52 + 67. What are the prime factors of m?
2, 3
What are the prime factors of (-6)/(3 - (40768/1939)/7)?
2, 3, 277
Suppose 4*j - 5 = 3*v, -v + 2*j - 1 = 4. Suppose -4*c - 4 = 0, -2*o = -4*o + c + v. Suppose o*p + 84 = 5*p. List the prime factors of p.
2, 7
Let k(u) = 37*u - 153. List the prime factors of k(48).
3, 541
Suppose -5*k + 10995 = 5*w, -2*w + 4397 = k + 2*k. What are the prime factors of w?
2, 5, 11
Let h(x) = x**3 + x**2 + 8*x**2 + 5*x - 3*x**2 + 2 - 4. Let p be h(-5). List the prime factors of 7/3 + p/(-3).
3
Let l(j) = 4*j**2 + 4*j - 2. Let d be l(1). List the prime factors of 4/d - (-5290)/30.
3, 59
Suppose -3*a = -81 + 12. Suppose a = 5*h - 2. Suppose -d - 52 = -h*d. What are the prime factors of d?
13
Suppose 0 = -2*n - 2*o - 4, 3*n - 3*o - 9 = 7*n. What are the prime factors of 3*1 + (-6 - (n - 156))?
2, 3, 13
Let c(z) = -15 + 3*z**2 - 7*z**2 + 6*z**2 - 5*z. What are the prime factors of c(6)?
3
What are the prime factors of ((-142)/(-1 + -1))/(10/70)?
7, 71
Let s = 6049 + -2301. List the prime factors of s.
2, 937
Let z = -31 + 31. Suppose z = -3*n + 6, q + q - 238 = -4*n. What are the prime factors of q?
5, 23
Let a = 1835 - 1392. What are the prime factors of a?
443
Suppose -1 = -7*v + 20. Suppose -139 = -4*m - 3*p, -p = -v*m + 2*p + 99. What are the prime factors of m?
2, 17
Let k be (-10)/20*(2 - 2)/(-2). Let d(r) = 3*r + 11. List the prime factors of d(k).
11
Let a(g) = g**3 + 6*g**2 + 4*g + 6. Let s be a(-6). Let m = 18 + s. Suppose r + 4 - 24 = m. List the prime factors of r.
2, 5
Let w(l) = l - 1. Let r be w(0). Let s be ((-36)/(-3))/(-3)*r. What are the prime factors of 456/33 - s/(-22)?
2, 7
Suppose 3*a + 2*a = 20. Suppose a*o + 185 = -239. Let w = -76 - o. What are the prime factors of w?
2, 3, 5
Let t(y) = -y**3 - 5*y**2 + 3*y + 15. Let i be t(-5). Suppose i = 5*x + 26 - 6, 4*x = -4*v + 1004. What are the prime factors of v?
3, 5, 17
Suppose -158 - 5 = -l. Let k = l - 85. List the prime factors of k.
2, 3, 13
Suppose 0 = -5*q + y - 16, 2*y = 3*q - 2*q - 4. Let i be (2/q)/(11/(-528)). Suppose 0 = b - 3*b + i. List the prime factors of b.
2, 3
Let a = -5149 - -7904. What are the prime factors of a?
5, 19, 29
Let n be (2 - -2)*(-1)/4 - -66. Suppose 775 = 5*h + c, -244 = -h - 5*c - n. What are the prime factors of h?
2, 7, 11
Suppose -2 = -5*h + b + 4, 5*h - 4*b = -6. Suppose h*i + 37 = -5*y + 129, -3*y - 5*i + 40 = 0. What are the prime factors of 2/(-8) + 1085/y?
2, 3
Let y be 4 - (-2 + (2 - -4)). Suppose -2*p - 3*d + 329 = y, p - 608 = -3*p + 4*d. Let s = -110 + p. What are the prime factors of s?
47
Suppose 0 = n - 0*h - h + 46, -3*n - 5*h = 98. Let a = n - -76. Let z = a - 25. List the prime factors of z.
2, 5
Let f = 452 + -151. List the prime factors of f.
7, 43
Suppose 0 = 8*w + 6601 - 52673. List the prime factors of w.
13, 443
Let v(j) = 6*j. Let n be v(0). Suppose -x + n*x = 0, 3*x - 104 = -2*t. What are the prime factors of t?
2, 13
Let w(n) = 4 + 5*n**2 - 3*n - n**3 - 13*n**2 + 3*n. Let a be w(-8). Suppose -a*o + 5*z = -41 + 2, 0 = 4*o + 3*z - 79. List the prime factors of o.
2
Let s be (-390)/(-6)*3/5. Let f = 42 + s. What are the prime factors of f?
3
Let s = -659 + 932. Suppose -3*d = 3*r - s, r = -0*r - 2*d + 90. List the prime factors of r.
2, 23
Let z = -23 - -23. Suppose w + 3*w = -4*u + 200, 3*w + u - 142 = z. List the prime factors of w.
2, 23
What are the prime factors of 0 + ((-3824)/(-4) - 6)?
2, 5, 19
Let z(r) = 2*r**3 + 4*r**2 + 2*r + 2. Let d be z(-2). Let a be (-2)/d*(-124)/(-4). Suppose 4*l - 124 = -5*k - 26, -l = -2*k - a. List the prime factors of l.
3
Let v(c) = c**3 - 4*c**2 + c + 7. Let g(p) = -p**3 - 4*p**2 + 3*p - 5. Let d be g(-5). What are the prime factors of v(d)?
37
Let j be 1 - ((-1 - 3) + 1). Suppose -5*h + 1419 = j*p, 2*h - 657 = -4*p - 87. List the prime factors of h.
283
Let q(f) = 2*f**2 - 29*f - 63. Let v be q(27). Suppose 4*o = -8*o + v. What are the prime factors of o?
3, 17
Let n = -89 + 91. Let t(h) = 20*h - 8. Let k(u) = -1. Let g(o) = -5*k(o) + t(o). List the prime factors of g(n).
37
Let x(w) = -w**2 + w - 2. Let k be x(6). Let c = 62 + k. Suppose 0*i - c = -i. What are the prime factors of i?
2, 3, 5
Let t(v) = 4*v**2 - 56*v - 60. List the prime factors of t(-25).
2, 3, 5
Let g be ((-21)/(-4))/((-6)/(-16)). Let u be g/8 + 1/4. Let b(h) = 4*h**2 - 2*h + 2. What are the prime factors of b(u)?
2, 7
Suppose 0 = -5*i + 12*g - 14*g + 671, -4*g + 12 = 0. List the prime factors of i.
7, 19
Let o(b) = b**2 + 56*b + 14. What are the prime factors of o(6)?
2, 193
Suppose 541*v - 547*v = -16926. List the prime factors of v.
7, 13, 31
What are the prime factors of 1*-3138*2/(-6)?
2, 523
Let z = 187 + 38. Suppose 2*n + s - z = 0, -n - s = -5*s - 108. What are the prime factors of n?
2, 7
Let v(m) be the second derivative of m**5/20 - m**4/2 + m**3 - 3*m**2/2 - 3*m. Let b be v(5). Let h = 5 - b. List the prime factors of h.
3
Suppose 82*l - 12048 = 8042. List the prime factors of l.
5, 7
Let u be -1 - ((-2)/(-4)*4 + -17). Suppose -u - 26 = -10*t. List the prime factors of t.
2
Suppose 0 = p + p - 264. List the prime factors of p.
2, 3, 11
Let n(k) = 4*k**2 - 7*k - 2. Let u be n(-2). Suppose 6*x - u = 26. List the prime factors of x.
3
Let d be (-736)/(-6) - 1/(-3). Let o be (-1 - 79) + (-6 - -5). Let u = d + o. What are the prime factors of u?
2, 3, 7
Let k = -10 - -5. Let s(u) = -u**3 - 3*u**2 + 6*u + 6. Let c be s(k). Suppose 16 + c = 3*d. List the prime factors of d.
2, 7
Suppose 8 = 2*b, -3*b = -d + 2 - 6. Suppose d*z - 19*z = -1276. What are the prime factors of z?
2, 29
Let f(s) = -17*s - 132. List the prime factors of f(-27).
3, 109
Let z(v) = 20*v + 48. Let q = -73 - -80. What are the prime factors of z(q)?
2, 47
Let s = 2215 - 1154. What are the prime factors of s?
1061
Suppose 4*l = 2*x - 1110, -3*x - 26*l + 21*l = -1632. List the prime factors of x.
3, 61
Let t = 1789 + -884. List the prime factors of t.
5, 181
Suppose 0 = -b + 3, -2*g - 3*b = -4*g - 769. List the prime factors of (-3 + g/(-8))*2.
89
Let j = 1824 - 1204. List the prime factors of j.
2, 5, 31
Suppose 13 = 4*z + k, -3*k = -z + 2 - 15. Suppose 0 = d - z*d. Let w(t) = -t**3 - t + 2. What are the prime factors of w(d)?
2
Suppose 0 = 6*l - 1233 - 27. Suppose 4*x + 4*v - 9*v = 780, 5*v = x - l. What are the prime factors of x?
2, 5, 19
Suppose 180 = 5*h - 15*h. What are the prime factors of 6/(-9)*1*h?
2, 3
Let t(f) = -11*f - 21. Let h be t(-6). Suppose -h = -2*d - d. Suppose d*i = 12*i + 36. What are the prime factors of i?
2, 3
Suppose -1 = -i, z + i - 27 + 1 = 0. Suppose -3*w + z = 4. List the prime factors of w.
7
Let b(l) = l**3 - 5*l**2 + 6*l + 7. Suppose 0 = -m + 3*p - 2, p = 4*m - 0*p - 14. List the prime factors of b(m).
3, 5
Let r(w) = -2*w**3 - 14*w**2 - 9*w - 2. Let g be r(-9). Suppose 3*a - g = -142. What are the prime factors of a?
3, 29
Let j be (-4)/14 - (-130)/14. Let u = j - -51. What are the prime factors of u?
2, 3, 5
Let k = -13 - -4. Let l be 33/(-2)*60/k. Suppose -38 = -2*y + 2*v, 5*y - l = 3*v - 7. What are the prime factors of y?
23
Suppose 55 + 169 = 4*j. List the prime factors of j.
2, 7
Suppose -2*i - 2 = b, 0*i + 4*b = 2*i - 8. Suppose i*s - 4*y = -s + 23, 0 = 4*s + 2*y - 2. Let w = 5 - s. What are the prime factors of w?
2
Suppose v - 28 = -3*v. Let x(f) = 5*f - 17. Let c be x(v). Suppose 38 = 4*y + 2*u, 5*y = -5*u - c + 78. List the prime factors of y.
7
Let c = -4 - -9. Suppose -3*i - 8 = -c*i. Suppose 28 = 3*z + i*n - 12, n = -5*z + 95. What are the prime factors of z?
2, 5
Suppose 0 = 2*i - 0*i + 10. Le